{"id":66,"date":"2018-01-16T23:02:39","date_gmt":"2018-01-16T23:02:39","guid":{"rendered":"https:\/\/metzgerei-innung.net\/?page_id=66"},"modified":"2018-01-16T23:02:39","modified_gmt":"2018-01-16T23:02:39","slug":"die-metzgerei-innung","status":"publish","type":"page","link":"https:\/\/metzgerei-innung.net\/?page_id=66","title":{"rendered":"Die Metzgerei Innung"},"content":{"rendered":"<p>Fleisch hat leider in letzer Zeit schlechte Presse gehabt. Dabei kann das Fleisch doch auch nichts daf\u00fcr. Fleisch ist nahrreich, gut zu kauen und enth\u00e4lt viele Proteine und ist auch sonst total gro\u00dfartig. Die Hass- und Schmierenkampagne gegen Fleisch ist dabei ein \u00c4rgernis, das uns als Menschheit vom Erreichen wahrer Gr\u00f6\u00dfe zur\u00fcckh\u00e4lt.<\/p>\n<p>Wenn wir, als eine globale Zivilisation, einmal planen sollten das Universum zu unserem zu Hause zu machen, kann dies nur mithilfe von Fleisch gelingen. Ohne Fleisch w\u00e4re das Besiedeln des Mars eine sehr unschmackhafte Angelegenheit. Und auch auf den Jupitermonden oder auf einem kleinen Felsen in der Cassinil\u00fccke wird man keine Freude haben, wenn man seine Z\u00e4hne nicht in ein saftiges St\u00fcck Fleisch schlagen kann.<\/p>\n<p>Und auch von Seiten der Fleischliebhaber ist der kultivierte Fleischgenu\u00df in Gefahr &#8230; und zwar nicht zu knapp. Leute wie <a href=\"http:\/\/www.youtube.com\/watch?v=dSHofFYQsis#t=0m13s\">Nadine<\/a> erreichen die Reduktion von Tierproteinen auf Erdbeerk\u00e4se und das voreilige Abtun von Enten und anderem Wild als Ungeniessbar, sowie den massenhaften Konsum von minderqualitativen Tierteilen und bringen so die ganze predatorische Sippschaft in Verruf.<\/p>\n<p>Diese bedauernswerten Entwicklungen m\u00fcssen durch qualitativ hochwertige Entenkonfits und das F\u00fcttern der Erdbeeren an delikate K\u00e4lblein begegnet werden. Nur durch hocharomatische Charcuterieprodukte kann solch Dummfug in die Schranken gewiesen werden. Halb Portland ist voll von Leuten, die von mauretanischen Meerkatzen zwischenfermentierten (lies: gefressen und ausgeschissen) Sonderkaffee aus den Hochlandlagen von Hypochondrien als den neuen Heilsbringer des Genusses sehen. Auch von dieser Seite droht Gefahr. Fleisch darf nicht als Gep\u00e4cktr\u00e4geraccessoire auf dem Fixie enden!<\/p>\n<p>Das n\u00f6tige Werkzeug ist in unseren H\u00e4nden, wir m\u00fcssen uns nur trauen es einzusetzen.<\/p>\n","protected":false},"excerpt":{"rendered":"<p>Fleisch hat leider in letzer Zeit schlechte Presse gehabt. Dabei kann das Fleisch doch auch nichts daf\u00fcr. Fleisch ist nahrreich, gut zu kauen und enth\u00e4lt viele Proteine und ist auch sonst total gro\u00dfartig. Die Hass- und Schmierenkampagne gegen Fleisch ist dabei ein \u00c4rgernis, das uns als Menschheit vom Erreichen wahrer Gr\u00f6\u00dfe zur\u00fcckh\u00e4lt. Wenn wir, als &hellip; <\/p>\n<p class=\"link-more\"><a href=\"https:\/\/metzgerei-innung.net\/?page_id=66\" class=\"more-link\">Continue reading<span class=\"screen-reader-text\"> &#8220;Die Metzgerei Innung&#8221;<\/span><\/a><\/p>\n","protected":false},"author":1,"featured_media":0,"parent":0,"menu_order":0,"comment_status":"closed","ping_status":"closed","template":"","meta":[],"_links":{"self":[{"href":"https:\/\/metzgerei-innung.net\/index.php?rest_route=\/wp\/v2\/pages\/66"}],"collection":[{"href":"https:\/\/metzgerei-innung.net\/index.php?rest_route=\/wp\/v2\/pages"}],"about":[{"href":"https:\/\/metzgerei-innung.net\/index.php?rest_route=\/wp\/v2\/types\/page"}],"author":[{"embeddable":true,"href":"https:\/\/metzgerei-innung.net\/index.php?rest_route=\/wp\/v2\/users\/1"}],"replies":[{"embeddable":true,"href":"https:\/\/metzgerei-innung.net\/index.php?rest_route=%2Fwp%2Fv2%2Fcomments&post=66"}],"version-history":[{"count":1,"href":"https:\/\/metzgerei-innung.net\/index.php?rest_route=\/wp\/v2\/pages\/66\/revisions"}],"predecessor-version":[{"id":68,"href":"https:\/\/metzgerei-innung.net\/index.php?rest_route=\/wp\/v2\/pages\/66\/revisions\/68"}],"wp:attachment":[{"href":"https:\/\/metzgerei-innung.net\/index.php?rest_route=%2Fwp%2Fv2%2Fmedia&parent=66"}],"curies":[{"name":"wp","href":"https:\/\/api.w.org\/{rel}","templated":true}]}}